{"id":508,"date":"2012-12-19T17:19:20","date_gmt":"2012-12-19T16:19:20","guid":{"rendered":"https:\/\/www.aica3.org\/cms\/?page_id=508"},"modified":"2024-04-05T12:54:17","modified_gmt":"2024-04-05T10:54:17","slug":"fai-una-donazione","status":"publish","type":"page","link":"https:\/\/www.aica3.org\/cms\/fai-una-donazione\/","title":{"rendered":"Fai una Donazione"},"content":{"rendered":"<p>[et_pb_section fb_built=&#8221;1&#8243; _builder_version=&#8221;4.16&#8243; custom_padding=&#8221;0px|||||&#8221; global_colors_info=&#8221;{}&#8221;][et_pb_row _builder_version=&#8221;4.16&#8243; background_size=&#8221;initial&#8221; background_position=&#8221;top_left&#8221; background_repeat=&#8221;repeat&#8221; width=&#8221;100%&#8221; global_colors_info=&#8221;{}&#8221;][et_pb_column type=&#8221;4_4&#8243; _builder_version=&#8221;4.16&#8243; custom_padding=&#8221;|||&#8221; global_colors_info=&#8221;{}&#8221; custom_padding__hover=&#8221;|||&#8221;][et_pb_text _builder_version=&#8221;4.16&#8243; header_3_font=&#8221;|700|||||||&#8221; header_3_text_align=&#8221;center&#8221; background_size=&#8221;initial&#8221; background_position=&#8221;top_left&#8221; background_repeat=&#8221;repeat&#8221; text_orientation=&#8221;center&#8221; global_colors_info=&#8221;{}&#8221;]<\/p>\n<p><iframe loading=\"lazy\" title=\"Sostieni le attivit\u00e0 di AICa3 ONLUS\" width=\"1080\" height=\"608\" src=\"https:\/\/www.youtube.com\/embed\/A9AKcg7_vpA?feature=oembed\"  allow=\"accelerometer; autoplay; clipboard-write; encrypted-media; gyroscope; picture-in-picture; web-share\" referrerpolicy=\"strict-origin-when-cross-origin\" allowfullscreen><\/iframe><\/p>\n<h3><\/h3>\n<h3>Sostenerci \u00e8 semplice, scegli il canale\/metodo che preferisci<\/h3>\n<p>&nbsp;<\/p>\n<p>AICa3 &#8211; ETS esiste e opera 365 giorni l&#8217;anno, ogni giorno conta sul contributo di persone come te.<\/p>\n<p>Anche una piccola donazione far\u00e0 la differenza e sosterr\u00e0 la nostra ricerca.<\/p>\n<p>[\/et_pb_text][\/et_pb_column][\/et_pb_row][et_pb_row column_structure=&#8221;1_2,1_2&#8243; use_custom_gutter=&#8221;on&#8221; gutter_width=&#8221;2&#8243; make_equal=&#8221;on&#8221; _builder_version=&#8221;4.16&#8243; _module_preset=&#8221;default&#8221; width=&#8221;100%&#8221; custom_margin=&#8221;||||false|false&#8221; custom_padding=&#8221;||||false|false&#8221; global_colors_info=&#8221;{}&#8221;][et_pb_column type=&#8221;1_2&#8243; _builder_version=&#8221;4.16&#8243; _module_preset=&#8221;default&#8221; custom_padding=&#8221;20px|20px|20px|20px|false|false&#8221; link_option_url=&#8221;https:\/\/www.paypal.com\/donate\/?cmd=_s-xclick&#038;hosted_button_id=MDSJXEQSX8ZAC&#8221; link_option_url_new_window=&#8221;on&#8221; custom_css_main_element=&#8221;display: flex;||flex-direction: column;||justify-content: center;&#8221; border_radii=&#8221;on|10px|10px|10px|10px&#8221; box_shadow_style=&#8221;preset1&#8243; global_colors_info=&#8221;{}&#8221; transform_styles__hover_enabled=&#8221;on|hover&#8221; transform_scale__hover_enabled=&#8221;on|hover&#8221; transform_translate__hover_enabled=&#8221;on|desktop&#8221; transform_rotate__hover_enabled=&#8221;on|desktop&#8221; transform_skew__hover_enabled=&#8221;on|desktop&#8221; transform_origin__hover_enabled=&#8221;on|desktop&#8221; transform_scale__hover=&#8221;102%|102%&#8221;][et_pb_text _builder_version=&#8221;4.16&#8243; _module_preset=&#8221;default&#8221; header_4_font=&#8221;|800||on|||||&#8221; header_4_text_align=&#8221;center&#8221; link_option_url=&#8221;https:\/\/www.paypal.com\/donate\/?cmd=_s-xclick&#038;hosted_button_id=MDSJXEQSX8ZAC&#8221; link_option_url_new_window=&#8221;on&#8221; global_colors_info=&#8221;{}&#8221;]<\/p>\n<p><img loading=\"lazy\" decoding=\"async\" class=\"aligncenter wp-image-3033\" src=\"https:\/\/www.aica3.org\/cms\/wp-content\/uploads\/2021\/12\/paypal_logos.png\" alt=\"\" width=\"150\" height=\"63\" srcset=\"https:\/\/www.aica3.org\/cms\/wp-content\/uploads\/2021\/12\/paypal_logos.png 300w, https:\/\/www.aica3.org\/cms\/wp-content\/uploads\/2021\/12\/paypal_logos-18x8.png 18w\" sizes=\"(max-width: 150px) 100vw, 150px\" \/><\/p>\n<p>&nbsp;<\/p>\n<h4>donazione paypal<\/h4>\n<div class='et-box et-info'>\n\t\t\t\t\t<div class='et-box-content'>ATTENZIONE: indicare sempre nella scheda di pagamento i dati anagrafici di chi effettua la Donazione o Iscrizione.<\/div><\/div>\n<p>[\/et_pb_text][\/et_pb_column][et_pb_column type=&#8221;1_2&#8243; _builder_version=&#8221;4.16&#8243; _module_preset=&#8221;default&#8221; custom_padding=&#8221;20px|20px|20px|20px|false|false&#8221; custom_css_main_element=&#8221;display: flex;||flex-direction: column;||justify-content: center;&#8221; border_radii=&#8221;on|10px|10px|10px|10px&#8221; box_shadow_style=&#8221;preset1&#8243; global_colors_info=&#8221;{}&#8221; transform_styles__hover_enabled=&#8221;on|hover&#8221; transform_scale__hover_enabled=&#8221;on|hover&#8221; transform_translate__hover_enabled=&#8221;on|desktop&#8221; transform_rotate__hover_enabled=&#8221;on|desktop&#8221; transform_skew__hover_enabled=&#8221;on|desktop&#8221; transform_origin__hover_enabled=&#8221;on|desktop&#8221; transform_scale__hover=&#8221;102%|102%&#8221;][et_pb_text _builder_version=&#8221;4.16&#8243; _module_preset=&#8221;default&#8221; header_4_font=&#8221;|800||on|||||&#8221; header_4_text_align=&#8221;center&#8221; text_orientation=&#8221;center&#8221; global_colors_info=&#8221;{}&#8221;]<\/p>\n<h4><img loading=\"lazy\" decoding=\"async\" class=\"alignnone wp-image-3035\" src=\"https:\/\/www.aica3.org\/cms\/wp-content\/uploads\/2021\/12\/bank-transfer-e1640335532230.png\" alt=\"\" width=\"99\" height=\"62\" srcset=\"https:\/\/www.aica3.org\/cms\/wp-content\/uploads\/2021\/12\/bank-transfer-e1640335532230.png 300w, https:\/\/www.aica3.org\/cms\/wp-content\/uploads\/2021\/12\/bank-transfer-e1640335532230-18x12.png 18w\" sizes=\"(max-width: 99px) 100vw, 99px\" \/><\/h4>\n<h4>bonifico bancario<\/h4>\n<p>UBI Banca<br \/>INTESTATO A:  ASSOCIAZIONE ITALIANA CALPAINA 3  \u2013 AICa3 ONLUS<br \/>IBAN IT85N0306909424100000001281<\/p>\n<div class='et-box et-info'>\n\t\t\t\t\t<div class='et-box-content'>ATTENZIONE: indicare sempre nella Causale  la dicitura Iscrizione o Donazione e nome di chi effettua la Donazione o Iscrizione.<\/div><\/div>\n<p>[\/et_pb_text][\/et_pb_column][\/et_pb_row][et_pb_row use_custom_gutter=&#8221;on&#8221; gutter_width=&#8221;2&#8243; _builder_version=&#8221;4.16&#8243; _module_preset=&#8221;default&#8221; width=&#8221;100%&#8221; custom_margin=&#8221;||||false|false&#8221; custom_padding=&#8221;||||false|false&#8221; global_colors_info=&#8221;{}&#8221;][et_pb_column type=&#8221;4_4&#8243; _builder_version=&#8221;4.16&#8243; _module_preset=&#8221;default&#8221; custom_padding=&#8221;20px|20px|20px|20px|false|false&#8221; custom_css_main_element=&#8221;display: flex;||flex-direction: column;||justify-content: center;&#8221; border_radii=&#8221;on|10px|10px|10px|10px&#8221; box_shadow_style=&#8221;preset1&#8243; global_colors_info=&#8221;{}&#8221; transform_styles__hover_enabled=&#8221;on|hover&#8221; transform_scale__hover_enabled=&#8221;on|hover&#8221; transform_translate__hover_enabled=&#8221;on|desktop&#8221; transform_rotate__hover_enabled=&#8221;on|desktop&#8221; transform_skew__hover_enabled=&#8221;on|desktop&#8221; transform_origin__hover_enabled=&#8221;on|desktop&#8221; transform_scale__hover=&#8221;102%|102%&#8221;][et_pb_text _builder_version=&#8221;4.16&#8243; _module_preset=&#8221;default&#8221; header_4_font=&#8221;|800||on|||||&#8221; header_4_text_align=&#8221;center&#8221; text_orientation=&#8221;center&#8221; global_colors_info=&#8221;{}&#8221;]<\/p>\n<h4><img loading=\"lazy\" decoding=\"async\" class=\"alignnone wp-image-3036\" src=\"https:\/\/www.aica3.org\/cms\/wp-content\/uploads\/2021\/12\/logo-italia_black.png\" alt=\"\" width=\"75\" height=\"85\" srcset=\"https:\/\/www.aica3.org\/cms\/wp-content\/uploads\/2021\/12\/logo-italia_black.png 100w, https:\/\/www.aica3.org\/cms\/wp-content\/uploads\/2021\/12\/logo-italia_black-11x12.png 11w\" sizes=\"(max-width: 75px) 100vw, 75px\" \/><\/h4>\n<h4>5&#215;1000<\/h4>\n<p>\u00c8 possibile finanziare le attivit\u00e0 di AICa3 destinando il 5 per mille della Vostra dichiarazione dei redditi. Non vi costa nulla, non \u00e8 un onere aggiuntivo, basta firmare nell\u2019apposito riquadro della dichiarazione dei redditi e riportare il codice fiscale di AICa3<br \/>NUM.97631760150<br \/>Questa scelta si affianca all\u20198 per mille, non la sostituisce!<br \/>Si pu\u00f2 quindi destinare sia il 5 per mille che l\u20198 per mille sulla stessa dichiarazione dei redditi.<\/p>\n<p>[\/et_pb_text][\/et_pb_column][\/et_pb_row][\/et_pb_section]<\/p>\n","protected":false},"excerpt":{"rendered":"<p>Sostenerci \u00e8 semplice, scegli il canale\/metodo che preferisci &nbsp; AICa3 &#8211; ETS esiste e opera 365 giorni l&#8217;anno, ogni giorno conta sul contributo di persone come te. Anche una piccola donazione far\u00e0 la differenza e sosterr\u00e0 la nostra ricerca. &nbsp; donazione paypal <div class='et-box et-info'>\n\t\t\t\t\t<div class='et-box-content'><\/div><\/div>ATTENZIONE: indicare sempre nella scheda di pagamento i dati anagrafici di chi [&hellip;]<\/p>\n","protected":false},"author":4,"featured_media":0,"parent":0,"menu_order":0,"comment_status":"closed","ping_status":"closed","template":"","meta":{"_et_pb_use_builder":"on","_et_pb_old_content":"<p><iframe src=\"https:\/\/www.youtube.com\/embed\/A9AKcg7_vpA\" width=\"100%\" height=\"450\" frameborder=\"0\" allowfullscreen=\"allowfullscreen\"><\/iframe><\/p><h3>Sostenerci \u00e8 semplice, scegli il canale\/metodo che preferisci<\/h3><p>[tabgroup] [tab title=PayPal icon=\"\"]<\/p><form action=\"https:\/\/www.paypal.com\/cgi-bin\/webscr\" method=\"post\"><input name=\"cmd\" type=\"hidden\" value=\"_s-xclick\" \/> <input name=\"hosted_button_id\" type=\"hidden\" value=\"CT5JS2DC4ZCU2\" \/><input alt=\"PayPal - Il metodo rapido, affidabile e innovativo per pagare e farsi pagare.\" name=\"submit\" src=\"https:\/\/www.aica3.org\/cms\/wp-content\/uploads\/2012\/12\/logo_paypal.gif\" type=\"image\" \/><\/form><form action=\"https:\/\/www.paypal.com\/cgi-bin\/webscr\" method=\"post\"> <\/form><form action=\"https:\/\/www.paypal.com\/cgi-bin\/webscr\" method=\"post\"><\/form><p>[box type=notice] ATTENZIONE: indicare sempre nella scheda di pagamento i dati anagrafici di chi effettua la Donazione o Iscrizione. [\/box] [\/tab] [tab title=Bonifico Bancario icon=\"\"] UBI Banca<br \/>INTESTATO A:  ASSOCIAZIONE ITALIANA CALPAINA 3  - AICa3 ONLUS<br \/>IBAN IT85N0306909424100000001281<br \/>[box type=notice] ATTENZIONE: indicare sempre nella Causale  la dicitura Iscrizione o Donazione e nome di chi effettua la Donazione o Iscrizione.  [\/box] [\/tab] [tab title=5X1000 icon=\"\"] \u00c8 possibile finanziare le attivit\u00e0 di AICa3 destinando il 5 per mille della Vostra dichiarazione dei redditi. Non vi costa nulla, non \u00e8 un onere aggiuntivo, basta firmare nell\u2019apposito riquadro della dichiarazione dei redditi e riportare il codice fiscale di AICa3<br \/>NUM.97631760150<br \/>Questa scelta si affianca all\u20198 per mille, non la sostituisce!<br \/>Si pu\u00f2 quindi destinare sia il 5 per mille che l\u20198 per mille sulla stessa dichiarazione dei redditi. [\/tab] [\/tabgroup]<\/p><p>[wpedon id=2270]<\/p>","_et_gb_content_width":"","footnotes":""},"class_list":["post-508","page","type-page","status-publish","hentry"],"yoast_head":"<!-- This site is optimized with the Yoast SEO plugin v27.3 - https:\/\/yoast.com\/product\/yoast-seo-wordpress\/ -->\n<title>Fai una Donazione - AICa3 - ETS - Associazione Italiana Calpaina 3<\/title>\n<meta name=\"robots\" content=\"index, follow, max-snippet:-1, max-image-preview:large, max-video-preview:-1\" \/>\n<link rel=\"canonical\" href=\"https:\/\/www.aica3.org\/cms\/fai-una-donazione\/\" \/>\n<meta property=\"og:locale\" content=\"it_IT\" \/>\n<meta property=\"og:type\" content=\"article\" \/>\n<meta property=\"og:title\" content=\"Fai una Donazione - AICa3 - ETS - Associazione Italiana Calpaina 3\" \/>\n<meta property=\"og:description\" content=\"Sostenerci \u00e8 semplice, scegli il canale\/metodo che preferisci &nbsp; AICa3 - ETS esiste e opera 365 giorni l&#039;anno, ogni giorno conta sul contributo di persone come te. Anche una piccola donazione far\u00e0 la differenza e sosterr\u00e0 la nostra ricerca. &nbsp; donazione paypal ATTENZIONE: indicare sempre nella scheda di pagamento i dati anagrafici di chi [&hellip;]\" \/>\n<meta property=\"og:url\" content=\"https:\/\/www.aica3.org\/cms\/fai-una-donazione\/\" \/>\n<meta property=\"og:site_name\" content=\"AICa3 - ETS - Associazione Italiana Calpaina 3\" \/>\n<meta property=\"article:publisher\" content=\"http:\/\/www.facebook.com\/pages\/AICa3-Associazione-Italiana-Calpaina-3\/119599211561350\" \/>\n<meta property=\"article:modified_time\" content=\"2024-04-05T10:54:17+00:00\" \/>\n<meta property=\"og:image\" content=\"https:\/\/www.aica3.org\/cms\/wp-content\/uploads\/2021\/12\/paypal_logos.png\" \/>\n<meta name=\"twitter:label1\" content=\"Tempo di lettura stimato\" \/>\n\t<meta name=\"twitter:data1\" content=\"2 minuti\" \/>\n<script type=\"application\/ld+json\" class=\"yoast-schema-graph\">{\"@context\":\"https:\\\/\\\/schema.org\",\"@graph\":[{\"@type\":\"WebPage\",\"@id\":\"https:\\\/\\\/www.aica3.org\\\/cms\\\/fai-una-donazione\\\/\",\"url\":\"https:\\\/\\\/www.aica3.org\\\/cms\\\/fai-una-donazione\\\/\",\"name\":\"Fai una Donazione - AICa3 - ETS - Associazione Italiana Calpaina 3\",\"isPartOf\":{\"@id\":\"https:\\\/\\\/www.aica3.org\\\/cms\\\/#website\"},\"primaryImageOfPage\":{\"@id\":\"https:\\\/\\\/www.aica3.org\\\/cms\\\/fai-una-donazione\\\/#primaryimage\"},\"image\":{\"@id\":\"https:\\\/\\\/www.aica3.org\\\/cms\\\/fai-una-donazione\\\/#primaryimage\"},\"thumbnailUrl\":\"https:\\\/\\\/www.aica3.org\\\/cms\\\/wp-content\\\/uploads\\\/2021\\\/12\\\/paypal_logos.png\",\"datePublished\":\"2012-12-19T16:19:20+00:00\",\"dateModified\":\"2024-04-05T10:54:17+00:00\",\"breadcrumb\":{\"@id\":\"https:\\\/\\\/www.aica3.org\\\/cms\\\/fai-una-donazione\\\/#breadcrumb\"},\"inLanguage\":\"it-IT\",\"potentialAction\":[{\"@type\":\"ReadAction\",\"target\":[\"https:\\\/\\\/www.aica3.org\\\/cms\\\/fai-una-donazione\\\/\"]}]},{\"@type\":\"ImageObject\",\"inLanguage\":\"it-IT\",\"@id\":\"https:\\\/\\\/www.aica3.org\\\/cms\\\/fai-una-donazione\\\/#primaryimage\",\"url\":\"https:\\\/\\\/www.aica3.org\\\/cms\\\/wp-content\\\/uploads\\\/2021\\\/12\\\/paypal_logos.png\",\"contentUrl\":\"https:\\\/\\\/www.aica3.org\\\/cms\\\/wp-content\\\/uploads\\\/2021\\\/12\\\/paypal_logos.png\",\"width\":300,\"height\":126},{\"@type\":\"BreadcrumbList\",\"@id\":\"https:\\\/\\\/www.aica3.org\\\/cms\\\/fai-una-donazione\\\/#breadcrumb\",\"itemListElement\":[{\"@type\":\"ListItem\",\"position\":1,\"name\":\"Home\",\"item\":\"https:\\\/\\\/www.aica3.org\\\/cms\\\/\"},{\"@type\":\"ListItem\",\"position\":2,\"name\":\"Fai una Donazione\"}]},{\"@type\":\"WebSite\",\"@id\":\"https:\\\/\\\/www.aica3.org\\\/cms\\\/#website\",\"url\":\"https:\\\/\\\/www.aica3.org\\\/cms\\\/\",\"name\":\"AICa3 - ETS - Associazione Italiana Calpaina 3\",\"description\":\"Sito ufficiale dell\u2019Associazione Italiana Calpaina 3 per la lotta alla Distrofia Muscolare dei cingoli da deficit di Calpaina 3.\",\"potentialAction\":[{\"@type\":\"SearchAction\",\"target\":{\"@type\":\"EntryPoint\",\"urlTemplate\":\"https:\\\/\\\/www.aica3.org\\\/cms\\\/?s={search_term_string}\"},\"query-input\":{\"@type\":\"PropertyValueSpecification\",\"valueRequired\":true,\"valueName\":\"search_term_string\"}}],\"inLanguage\":\"it-IT\"}]}<\/script>\n<!-- \/ Yoast SEO plugin. -->","yoast_head_json":{"title":"Fai una Donazione - AICa3 - ETS - Associazione Italiana Calpaina 3","robots":{"index":"index","follow":"follow","max-snippet":"max-snippet:-1","max-image-preview":"max-image-preview:large","max-video-preview":"max-video-preview:-1"},"canonical":"https:\/\/www.aica3.org\/cms\/fai-una-donazione\/","og_locale":"it_IT","og_type":"article","og_title":"Fai una Donazione - AICa3 - ETS - Associazione Italiana Calpaina 3","og_description":"Sostenerci \u00e8 semplice, scegli il canale\/metodo che preferisci &nbsp; AICa3 - ETS esiste e opera 365 giorni l'anno, ogni giorno conta sul contributo di persone come te. Anche una piccola donazione far\u00e0 la differenza e sosterr\u00e0 la nostra ricerca. &nbsp; donazione paypal ATTENZIONE: indicare sempre nella scheda di pagamento i dati anagrafici di chi [&hellip;]","og_url":"https:\/\/www.aica3.org\/cms\/fai-una-donazione\/","og_site_name":"AICa3 - ETS - Associazione Italiana Calpaina 3","article_publisher":"http:\/\/www.facebook.com\/pages\/AICa3-Associazione-Italiana-Calpaina-3\/119599211561350","article_modified_time":"2024-04-05T10:54:17+00:00","og_image":[{"url":"https:\/\/www.aica3.org\/cms\/wp-content\/uploads\/2021\/12\/paypal_logos.png","type":"","width":"","height":""}],"twitter_misc":{"Tempo di lettura stimato":"2 minuti"},"schema":{"@context":"https:\/\/schema.org","@graph":[{"@type":"WebPage","@id":"https:\/\/www.aica3.org\/cms\/fai-una-donazione\/","url":"https:\/\/www.aica3.org\/cms\/fai-una-donazione\/","name":"Fai una Donazione - AICa3 - ETS - Associazione Italiana Calpaina 3","isPartOf":{"@id":"https:\/\/www.aica3.org\/cms\/#website"},"primaryImageOfPage":{"@id":"https:\/\/www.aica3.org\/cms\/fai-una-donazione\/#primaryimage"},"image":{"@id":"https:\/\/www.aica3.org\/cms\/fai-una-donazione\/#primaryimage"},"thumbnailUrl":"https:\/\/www.aica3.org\/cms\/wp-content\/uploads\/2021\/12\/paypal_logos.png","datePublished":"2012-12-19T16:19:20+00:00","dateModified":"2024-04-05T10:54:17+00:00","breadcrumb":{"@id":"https:\/\/www.aica3.org\/cms\/fai-una-donazione\/#breadcrumb"},"inLanguage":"it-IT","potentialAction":[{"@type":"ReadAction","target":["https:\/\/www.aica3.org\/cms\/fai-una-donazione\/"]}]},{"@type":"ImageObject","inLanguage":"it-IT","@id":"https:\/\/www.aica3.org\/cms\/fai-una-donazione\/#primaryimage","url":"https:\/\/www.aica3.org\/cms\/wp-content\/uploads\/2021\/12\/paypal_logos.png","contentUrl":"https:\/\/www.aica3.org\/cms\/wp-content\/uploads\/2021\/12\/paypal_logos.png","width":300,"height":126},{"@type":"BreadcrumbList","@id":"https:\/\/www.aica3.org\/cms\/fai-una-donazione\/#breadcrumb","itemListElement":[{"@type":"ListItem","position":1,"name":"Home","item":"https:\/\/www.aica3.org\/cms\/"},{"@type":"ListItem","position":2,"name":"Fai una Donazione"}]},{"@type":"WebSite","@id":"https:\/\/www.aica3.org\/cms\/#website","url":"https:\/\/www.aica3.org\/cms\/","name":"AICa3 - ETS - Associazione Italiana Calpaina 3","description":"Sito ufficiale dell\u2019Associazione Italiana Calpaina 3 per la lotta alla Distrofia Muscolare dei cingoli da deficit di Calpaina 3.","potentialAction":[{"@type":"SearchAction","target":{"@type":"EntryPoint","urlTemplate":"https:\/\/www.aica3.org\/cms\/?s={search_term_string}"},"query-input":{"@type":"PropertyValueSpecification","valueRequired":true,"valueName":"search_term_string"}}],"inLanguage":"it-IT"}]}},"_links":{"self":[{"href":"https:\/\/www.aica3.org\/cms\/wp-json\/wp\/v2\/pages\/508","targetHints":{"allow":["GET"]}}],"collection":[{"href":"https:\/\/www.aica3.org\/cms\/wp-json\/wp\/v2\/pages"}],"about":[{"href":"https:\/\/www.aica3.org\/cms\/wp-json\/wp\/v2\/types\/page"}],"author":[{"embeddable":true,"href":"https:\/\/www.aica3.org\/cms\/wp-json\/wp\/v2\/users\/4"}],"replies":[{"embeddable":true,"href":"https:\/\/www.aica3.org\/cms\/wp-json\/wp\/v2\/comments?post=508"}],"version-history":[{"count":1,"href":"https:\/\/www.aica3.org\/cms\/wp-json\/wp\/v2\/pages\/508\/revisions"}],"predecessor-version":[{"id":3476,"href":"https:\/\/www.aica3.org\/cms\/wp-json\/wp\/v2\/pages\/508\/revisions\/3476"}],"wp:attachment":[{"href":"https:\/\/www.aica3.org\/cms\/wp-json\/wp\/v2\/media?parent=508"}],"curies":[{"name":"wp","href":"https:\/\/api.w.org\/{rel}","templated":true}]}}